{"id":40,"date":"2025-03-08T22:01:39","date_gmt":"2025-03-08T22:01:39","guid":{"rendered":"https:\/\/www.pedikuranakoleckach.cz\/?page_id=40"},"modified":"2025-03-09T13:43:49","modified_gmt":"2025-03-09T13:43:49","slug":"cenik","status":"publish","type":"page","link":"https:\/\/www.pedikuranakoleckach.cz\/index.php\/cenik\/","title":{"rendered":"Cen\u00edk"},"content":{"rendered":"\n<p>platn\u00fd od 1. 4. 2025 <\/p>\n\n\n\n<p><strong>Klasick\u00e1 mokr\u00e1 pedik\u00fara<\/strong>  350,-<\/p>\n\n\n\n<p>Zm\u011bk\u010den\u00ed nohou ve vodn\u00ed l\u00e1zni, \u00faprava neht\u016f, odstran\u011bn\u00ed zrohovat\u011bl\u00e9 k\u016f\u017ee pomoc\u00ed skalpelu, hydrata\u010dn\u00ed kr\u00e9m na z\u00e1v\u011br.<\/p>\n\n\n\n<p><strong>SPA z\u00e1\u017eitek<\/strong> 370,-<\/p>\n\n\n\n<p>Klasick\u00e1 mokr\u00e1 pedik\u00fara, peeling, mas\u00e1\u017e, parafinov\u00fd z\u00e1bal nebo maska.<\/p>\n\n\n\n<p><strong>Elegantn\u00ed vzhled<\/strong> 390,-<\/p>\n\n\n\n<p>Klasick\u00e1 mokr\u00e1 pedik\u00fara, mas\u00e1\u017e, lakov\u00e1n\u00ed neht\u016f gel lakem.<\/p>\n\n\n\n<p><strong>Luxusn\u00ed p\u00e9\u010de<\/strong> 450,-<\/p>\n\n\n\n<p>Klasick\u00e1 mokr\u00e1 pedik\u00fara, peeling, mas\u00e1\u017e, paraf\u00ednov\u00fd z\u00e1bal nebo maska, lakov\u00e1n\u00ed neht\u016f gel lakem.<\/p>\n\n\n\n<p><strong>Zdravotn\u00ed pedik\u00fara<\/strong>  <\/p>\n\n\n\n<ul class=\"wp-block-list\">\n<li>O\u0161et\u0159en\u00ed zarostl\u00fdch neht\u016f 450,- za prvn\u00ed n\u00e1v\u0161t\u011bvu, ka\u017ed\u00e1 dal\u0161\u00ed n\u00e1v\u0161t\u011bva 300,- (od 6\/2025)<\/li>\n<\/ul>\n\n\n\n<ul class=\"wp-block-list\">\n<li>O\u0161et\u0159en\u00ed ku\u0159\u00edch ok v cen\u011b pedik\u00fary, p\u0159i v\u00fdskytu velk\u00e9ho mno\u017estv\u00ed ku\u0159\u00edch ok p\u0159\u00edplatek 80,-<\/li>\n<\/ul>\n\n\n\n<ul class=\"wp-block-list\">\n<li>P\u00e9\u010de o diabetickou nohu 500,- (mo\u017enost nechat proplatit zdravotn\u00ed poji\u0161\u0165ovnou)<\/li>\n<\/ul>\n\n\n\n<ul class=\"wp-block-list\">\n<li>\u0160pony a rovn\u00e1tka od 500,- za jeden nehet (od 6\/2025) <\/li>\n<\/ul>\n\n\n\n<p><strong>Such\u00e1 (p\u0159\u00edstrojov\u00e1) pedik\u00fara<\/strong> 450,-<\/p>\n\n\n\n<p><\/p>\n","protected":false},"excerpt":{"rendered":"<p>platn\u00fd od 1. 4. 2025 Klasick\u00e1 mokr\u00e1 pedik\u00fara 350,- Zm\u011bk\u010den\u00ed nohou ve vodn\u00ed l\u00e1zni, \u00faprava neht\u016f, odstran\u011bn\u00ed zrohovat\u011bl\u00e9 k\u016f\u017ee pomoc\u00ed skalpelu, hydrata\u010dn\u00ed kr\u00e9m na z\u00e1v\u011br. SPA z\u00e1\u017eitek 370,- Klasick\u00e1 mokr\u00e1 &hellip; <\/p>\n","protected":false},"author":1,"featured_media":0,"parent":0,"menu_order":0,"comment_status":"closed","ping_status":"closed","template":"","meta":{"footnotes":""},"class_list":["post-40","page","type-page","status-publish","hentry"],"_links":{"self":[{"href":"https:\/\/www.pedikuranakoleckach.cz\/index.php\/wp-json\/wp\/v2\/pages\/40","targetHints":{"allow":["GET"]}}],"collection":[{"href":"https:\/\/www.pedikuranakoleckach.cz\/index.php\/wp-json\/wp\/v2\/pages"}],"about":[{"href":"https:\/\/www.pedikuranakoleckach.cz\/index.php\/wp-json\/wp\/v2\/types\/page"}],"author":[{"embeddable":true,"href":"https:\/\/www.pedikuranakoleckach.cz\/index.php\/wp-json\/wp\/v2\/users\/1"}],"replies":[{"embeddable":true,"href":"https:\/\/www.pedikuranakoleckach.cz\/index.php\/wp-json\/wp\/v2\/comments?post=40"}],"version-history":[{"count":4,"href":"https:\/\/www.pedikuranakoleckach.cz\/index.php\/wp-json\/wp\/v2\/pages\/40\/revisions"}],"predecessor-version":[{"id":122,"href":"https:\/\/www.pedikuranakoleckach.cz\/index.php\/wp-json\/wp\/v2\/pages\/40\/revisions\/122"}],"wp:attachment":[{"href":"https:\/\/www.pedikuranakoleckach.cz\/index.php\/wp-json\/wp\/v2\/media?parent=40"}],"curies":[{"name":"wp","href":"https:\/\/api.w.org\/{rel}","templated":true}]}}

Ceník

<p>platný od 1. 4. 2025 </p>



<p><strong>Klasická mokrá pedikúra</strong>  350,-</p>



<p>Změkčení nohou ve vodní lázni, úprava nehtů, odstranění zrohovatělé kůže pomocí skalpelu, hydratační krém na závěr.</p>



<p><strong>SPA zážitek</strong> 370,-</p>



<p>Klasická mokrá pedikúra, peeling, masáž, parafinový zábal nebo maska.</p>



<p><strong>Elegantní vzhled</strong> 390,-</p>



<p>Klasická mokrá pedikúra, masáž, lakování nehtů gel lakem.</p>



<p><strong>Luxusní péče</strong> 450,-</p>



<p>Klasická mokrá pedikúra, peeling, masáž, parafínový zábal nebo maska, lakování nehtů gel lakem.</p>



<p><strong>Zdravotní pedikúra</strong>  </p>



<ul class="wp-block-list">
<li>Ošetření zarostlých nehtů 450,- za první návštěvu, každá další návštěva 300,- (od 6/2025)</li>
</ul>



<ul class="wp-block-list">
<li>Ošetření kuřích ok v ceně pedikúry, při výskytu velkého množství kuřích ok příplatek 80,-</li>
</ul>



<ul class="wp-block-list">
<li>Péče o diabetickou nohu 500,- (možnost nechat proplatit zdravotní pojišťovnou)</li>
</ul>



<ul class="wp-block-list">
<li>Špony a rovnátka od 500,- za jeden nehet (od 6/2025) </li>
</ul>



<p><strong>Suchá (přístrojová) pedikúra</strong> 450,-</p>



<p></p>

<p>platný od 1. 4. 2025 Klasická mokrá pedikúra 350,- Změkčení nohou ve vodní lázni, úprava nehtů, odstranění zrohovatělé kůže pomocí skalpelu, hydratační krém na závěr. SPA zážitek 370,- Klasická mokrá &hellip; </p>
